se 5*x + 2*n - 119 = -n, x - 4*n = 33. Suppose 0 = t - x + 13. Suppose -7*c + 20 = -2*c. Calculate the highest common factor of t and c.
4
Let q(d) be the second derivative of d**4/12 + d**3/2 + 3*d**2 + 6*d. Let u be q(-4). Calculate the highest common factor of 4 and u.
2
Suppose 4 = -3*c + 10. What is the highest common factor of 5 and c?
1
Suppose 7*r = 5*r + 6. Suppose -r*l = -0*l - 30. What is the highest common divisor of 70 and l?
10
Let u be 1 - 9/(9/(-3)). Suppose h = -u*h + 20. Suppose -h*q - 4*c + 13 = 5, -4*c + 4 = 2*q. What is the greatest common factor of q and 18?
2
Let j = -165 - -77. Let h = j + 126. Let q = h + -25. Calculate the greatest common factor of q and 143.
13
Let r(j) = -6*j + 0*j + 0 - j - 6. Let a be r(-4). What is the greatest common divisor of 11 and a?
11
Let m = 6 - 3. Suppose 0 = 2*u + u - m. What is the greatest common factor of u and 6?
1
Let m = 91 - -21. What is the highest common divisor of 14 and m?
14
Suppose -h + 220 = -1. What is the highest common divisor of h and 13?
13
Let b(t) = -t**3 - 5*t**2 - 2*t. Let w be b(-4). Let g = w + 10. Suppose x = -4*m + 45 + 155, 3*m - 150 = g*x. Calculate the highest common factor of 20 and m.
10
Let w(b) = 8*b**2 - 5*b + 2. Let v be w(6). Let k = -1 - -6. Suppose v + 230 = k*d. Calculate the greatest common factor of d and 14.
14
Suppose 5*o = -5*u + 195, -o - 2 + 6 = 0. Suppose 16 - 72 = -4*s. Calculate the greatest common divisor of u and s.
7
Let a(b) = b**2 + 1. Let z be a(0). Let j be ((-4)/(-10))/(z/130). What is the greatest common factor of 130 and j?
26
Let n = -332 - -343. Let y(i) = -3*i + 2. Let l be y(-3). What is the greatest common divisor of n and l?
11
Suppose 0*k - 51 = -4*k + 5*y, -y = 3. Calculate the highest common divisor of k and 99.
9
Suppose -2*y = y - 9. Suppose 7*k - 12 = y*k. Let a be 2/3 - (-382)/k. Calculate the greatest common factor of 16 and a.
16
Let n(z) = -34*z - 4. Let c(r) = -r**2 + 2*r + 4. Let p be c(-2). Let i be n(p). What is the highest common factor of i and 33?
33
Let k = 2 + -15. Let a be k/(-5) + (-3)/5. What is the greatest common divisor of a and 18?
2
Let i = -8 + 18. Let n = -5 + i. Let q(j) = j**3 - 3*j**2 - 6*j. Let t be q(n). Calculate the greatest common divisor of 80 and t.
20
Suppose -4*q + g + 97 = 0, 0 = 3*q + 5*g - g - 68. Let c(a) = -7*a. Let l be c(-4). Suppose -l = -z + 8. Calculate the greatest common factor of z and q.
12
Let t(i) = 4*i**2 - i - 1. Let g be t(-1). Let a(k) = -k**2 + 4*k - 2. Let x be a(3). What is the highest common factor of g and x?
1
Let i be 0 - (-1)/(3/18). Let c(t) = 5*t**2 + 4 - i*t - 3*t**2 - 3*t**2. Let r be c(-6). What is the highest common factor of r and 2?
2
Suppose 4*s - 786 = -5*p - 307, -2*s - 305 = -3*p. Calculate the highest common divisor of 11 and p.
11
Let p(u) = 3*u. Let b be p(5). Suppose -n - 4*n = -b. What is the highest common factor of 1 and n?
1
Suppose 0 = -3*b + 7 + 2, 2*h - 3*b - 25 = 0. Let n be 52/1 - (-1 - -2). Calculate the greatest common factor of h and n.
17
Suppose -4*g - 8 - 4 = 0, 4*o - 15 = 5*g. Let a be 3 + o + 8 - 1. Calculate the greatest common divisor of a and 100.
10
Suppose 0 = 3*w + 3 + 42. Let m be 1 - (-4)/(12/w). Let p be 2/m + 302/4. Calculate the highest common divisor of p and 15.
15
Let r(x) = 2*x**3 - 2*x**2 - 4. Let k = -9 - -11. Let l be r(k). What is the highest common divisor of 12 and l?
4
Suppose -3*m - 41 = -4*h + 34, -2*m - 36 = -2*h. What is the highest common divisor of 168 and h?
21
Let y = -18 + 41. Calculate the highest common divisor of 115 and y.
23
Suppose 8*h = 11*h + 3. Let b be (-926)/(-6) + h/3. Calculate the greatest common factor of b and 14.
14
Let k be (-2)/(-2*1)*1. Let f be 1 - -4 - (1 + k). Let v be 3/(-1)*(-7 - -6). Calculate the highest common divisor of f and v.
3
Let a = 12 - -51. What is the highest common divisor of a and 7?
7
Let i(u) = -15*u - 1. Let n be i(-7). Calculate the greatest common divisor of 13 and n.
13
Suppose 0 = 3*n - 296 + 32. Let r be 1 - (-1)/(2/n). Calculate the highest common divisor of 5 and r.
5
Suppose 5*h = 22 - 12. What is the greatest common divisor of h and 5?
1
Let l be 1*-2*2 - (-90 + 75). What is the highest common factor of l and 77?
11
Suppose 0 = -5*z - j + 87, -5*z - 7*j = -3*j - 93. Suppose z*u - 21*u = -660. What is the highest common divisor of 15 and u?
15
Suppose b = -2*b + 330. Calculate the greatest common factor of 44 and b.
22
Let i be ((-4)/14)/((-7)/147). What is the highest common divisor of i and 57?
3
Suppose -g + 9 = 2*g. Suppose -2*v + 24 = 2*v - 2*z, -g*v - 5*z - 8 = 0. Calculate the highest common factor of 32 and v.
4
Let x(a) = 232*a**2 - 2*a + 1. Let w be x(1). What is the greatest common divisor of w and 21?
21
Suppose 5*n = a - 39, -3*a + 0*a + 139 = -4*n. What is the greatest common factor of 14 and a?
7
Let j be (0 + 1)/((-5)/(-10)). Let v = -21 + 32. Suppose 2*p + v = 5*g - 95, g - 28 = -3*p. Calculate the greatest common factor of j and g.
2
Let i(d) = 80*d**2. Let w be i(1). Let y(a) = a - 1. Let z be y(3). Suppose -6*u + 128 = -z*u. What is the greatest common factor of u and w?
16
Let m = -31 + 81. What is the highest common factor of 20 and m?
10
Let w(i) = i**2 + 2*i - 14. Let m be w(-10). What is the highest common divisor of m and 6?
6
Let d be 1/1 + (-1 - 2). Let f be (0 - (-5)/d)*10. Let n = -15 - f. Calculate the greatest common factor of 80 and n.
10
Suppose -105 = -2*j - 35. Calculate the greatest common divisor of j and 35.
35
Let s(q) = 11*q - 1. Let m be s(1). Let c = 30 - m. Calculate the greatest common divisor of c and 100.
20
Suppose -4*p = -9*p + 180. Suppose -3*j + j = -p. Let b(g) = 11*g**2 + 7*g - 4. Let x be b(-4). What is the highest common divisor of j and x?
18
Let a be 2 + -2 + -1 + 1. Suppose a = -p + 3*w + 19, -4*w + 7*w - 5 = -5*p. Let y = 2 - 0. Calculate the highest common divisor of p and y.
2
Suppose -2*h = -h - 9. Let j(w) = -w - w**2 - 8*w**2 + 2*w + w**3 + 9. Let i be j(h). Calculate the highest common factor of i and 18.
18
Suppose -2*m + 2*q + 32 = 0, 6*q = 4*q - 6. Suppose n - 6 = -2*h, n - m + 3 = 2*h. Let a = 86 - 14. Calculate the highest common divisor of n and a.
8
Let n be (9/6)/((-2)/(-8)). Suppose 7*t = t + 72. Calculate the highest common factor of n and t.
6
Let y(b) = 2*b + 6. Let h be y(2). What is the highest common divisor of h and 160?
10
Suppose -37 = -5*t - 4*u - 11, -4 = 2*t - 2*u. Suppose -5*h + t = 2*p, 4 = 4*p - 0*p - 3*h. Calculate the highest common divisor of p and 8.
1
Suppose -2*y - 3*v = -53, -3*v = -3*y - 19 + 76. Let g be (-4 - -2)/((-4)/22). Calculate the highest common factor of g and y.
11
Suppose b - 24 = -5*z - 2*b, -2*z + 10 = b. Let w(q) = -q + 8. Let s be w(z). Suppose -j + 4 = -s. What is the highest common divisor of j and 6?
6
Suppose -216 = -0*x - 3*x. What is the greatest common factor of x and 54?
18
Let t = 11 + -5. Suppose 3*d + 18 = 3*j + 6*d, 4*d + 39 = 3*j. What is the greatest common factor of t and j?
3
Suppose -367 = -4*o - 199. Calculate the highest common divisor of o and 42.
42
Suppose 49 = 3*c - 5*p, -2*c - 2*p + 74 = 2*c. Suppose 3*j - 279 = -4*l, -j = l - 0*j - 69. Calculate the highest common divisor of c and l.
18
Suppose 6*h - 462 = -5*h. What is the greatest common divisor of 252 and h?
42
Let k(g) = g**3 + 3*g**2 - g - 2. Let u be k(-3). Let n(b) = -b**2 - 14*b - 23. Let r be n(-12). What is the highest common factor of u and r?
1
Let a = 36 + -28. Calculate the highest common factor of 128 and a.
8
Suppose 2*g - 78 = -2*p, 0*g - 4*p = -4*g + 124. Suppose -36 = -3*u + 5*u. Let t = -13 - u. What is the greatest common divisor of g and t?
5
Let r = -128 + 175. What is the greatest common factor of 423 and r?
47
Let l(u) be the second derivative of -u**5/20 + u**4/2 + u**3/3 - 3*u**2 - 2*u. Let n be l(6). Calculate the highest common divisor of 3 and n.
3
Suppose 19 = 3*p - 2*o, 0 = 5*p - o + 4*o. Calculate the greatest common factor of p and 4.
1
Let c = -19 + 20. Calculate the highest common factor of 10 and c.
1
Suppose -3*n = -5*f - 60, -4*n - 4*f = 8 - 88. What is the highest common factor of 10 and n?
10
Let a(i) = i**2 + 4*i - 8. Let f be a(-6). What is the highest common factor of f and 8?
4
Let j be (-44)/(-3)*(-1 - -7)